 f**4/2 - 70*f**3/3 - f**2/2 + 49*f - 5669. Determine h(35).
14
Let h(b) be the first derivative of -b**5/60 + 5*b**4/12 + 49*b**3/3 - b**2/2 - 54. Let i(k) be the third derivative of h(k). Determine i(7).
-4
Let q(r) = r**2 + r - 7. Let u be 23 - (-5 + 1) - 3. Suppose 9 = -11*f - u. Let l be -5 + 7 + -5 - f. Give q(l).
-7
Suppose -10653 = 2330*g + 7987. Let c(a) = -a - 2. Let m be c(-5). Let i(w) = m*w - w - w + 7. Give i(g).
-1
Let s(y) = -y**2 - 2*y + 5. Let r(u) = u**3 - u**2 + 31*u - 63. Let q(h) = r(h) + 10*s(h). Let a(p) = 3*p - 8. Let c be a(6). What is q(c)?
-3
Let g(v) be the second derivative of v**6/360 + v**5/30 + v**4/6 + v**3 - 5*v. Let i(a) be the second derivative of g(a). Let m = 407 - 411. Determine i(m).
4
Let s(w) = -4*w**2 + 1. Let f = -762 + 829. Suppose -5*t = -t + 272. Let p = t + f. Calculate s(p).
-3
Let g(f) = 10*f**2 - 79*f - 78. Let r be g(-1). Let d(h) be the first derivative of -1/2*h**2 + r - 2*h. What is d(-5)?
3
Let n(o) = o**2 - 7*o - 7. Let k(d) = -2*d**3 - 4*d**2 + d - 9. Let a(t) = -t**2 - 9*t + 49. Let m be a(-13). Let w be k(m). Determine n(w).
-13
Let f(h) = h**3 - 6*h**2 - h + 6. Let r(v) = 2*v**2 - 6*v - 2. Let w be r(7). Suppose 3*p - w = -6*p. Calculate f(p).
0
Let z(l) = 109 + 111 - 199 + 14*l. Give z(-2).
-7
Let i(j) = 6 + 0 - 7*j - 2. Let v be (4/(-5))/((-1114)/(-2785)). Calculate i(v).
18
Let t(p) = -18*p - 122. Let a = 3743 - 3750. Determine t(a).
4
Let i(v) = 7*v - 8. Let r be (1 + 1/5)*40/6. Let d(a) = -19*a + 25. Let q(z) = r*i(z) + 3*d(z). Give q(0).
11
Suppose 4 = -j + 2*j, 12 = -2*i + 4*j. Suppose 2*v - 16 = i*k, 2*v - v - 4*k = 20. Let y(b) = -b**2 + 148 - 206 + 9*b + 59. Give y(v).
21
Suppose -5010*j + 5026*j + 172 + 20 = 0. Let z(p) = 2*p**2 + 29*p + 63. Give z(j).
3
Let y(m) = -m**3 + 35*m**2 + 157*m - 45. Let i(u) = 247*u + 8931. Let r be i(-36). What is y(r)?
-6
Let q(t) = -t**3 + 4*t**2 + 3*t + 4. Let j = 34 + -40. Let i be (j + -3)*(10/(-3) - -3). Let r be ((-70)/(-21))/(i/(27/6)). Determine q(r).
-6
Let l(n) = 12*n - 12 + 272*n**2 - 94*n**2 - 99*n**2 - 90*n**2 - n**3. Calculate l(-12).
-12
Let o be 2/20*-2 + -3*(-5)/75. Let y(z) be the third derivative of 1/24*z**4 + 0*z - 1/60*z**5 + 1/6*z**3 + o + 13*z**2. Give y(0).
1
Let q be (-2)/4 - 21/(-2). Suppose -5*m - 25 = -c, 2*c + q = -2*m - 0*m. Let o(a) = -3 - 4*a - 3 + 0 + 3*a + 7070*a**2 - 7071*a**2. Give o(c).
-6
Suppose -392*b - 5616 = -41*b. Let u(x) = -x**2 - 17*x + 8. Give u(b).
24
Let u(r) = 2*r + 38. Let b(i) = -20 - 19*i + 11*i + 7*i. Let s(k) = 11*b(k) + 6*u(k). Let j(f) = f**2 - 8*f + 7. Let z be j(6). Give s(z).
3
Let f(i) = -i - 12. Let d(u) = -3*u - 35. Let q(l) = 6*d(l) - 17*f(l). Let x be ((-1)/(-4) - 1)/((-30)/(-120)). Let s be (-10)/15 - 23/x. Calculate q(s).
-13
Let h(u) = -7*u + u**3 - 325*u**2 + 313*u**2 - 2*u**3 - 9*u + u - 36. Determine h(-11).
8
Let u(k) = k**2 - 16*k - 34. Suppose 8*w - 12*w - 92 = -4*r, 4*w - 52 = -4*r. Determine u(r).
2
Let m(u) be the first derivative of -62 - 2*u - 13/2*u**2 + 1/3*u**3. Give m(12).
-14
Let n(o) = o**2 + 3*o + 5. Let k be n(6). Suppose -18*d + k = -67. Let i(a) = -a**3 + 6*a**2 + 9*a + 3. What is i(d)?
17
Let f(a) = 6*a - 8*a + 0*a - 3*a**2 + 1 + 2*a**2. Let h(z) = 6*z + 115. Let l be h(-19). What is f(l)?
-2
Let r(f) = -5*f**2 + 5*f + 15. Suppose 4*k - 4*i = 8, 3 = 3*k - 2*i + 1. Let h(b) = -12*b**2 + 9*b + 31. Let m(p) = k*h(p) + 5*r(p). What is m(9)?
-5
Let q(c) be the third derivative of 0 - 1/24*c**4 - c + 1/60*c**5 + 0*c**3 - 83*c**2. Let a(d) = -d**3 + 9*d**2 + 3. Let i be a(9). Determine q(i).
6
Suppose -67*d + 676 = -329. Let i(m) = 2*m - 52. Determine i(d).
-22
Suppose -9*x + 13*x - 16 = 0. Let l(w) = -15*w + 48. Let m(d) = 4*d - 11. Let h(p) = 4*l(p) + 18*m(p). Determine h(x).
42
Let h(g) = -51 - 55 - 2*g + 96. Let z = -50 - -43. Give h(z).
4
Let i be ((-3)/2)/(1/2). Let z be 4/(-7) - (-8 - 270/(-42)). Let n(d) = 25*d**2 - 2*d**3 + 3*d**3 + 0*d**3 - 20*d**2 + d**3 - z + 2*d. Calculate n(i).
-16
Let t(p) = 1242*p - 8701. Let j be t(7). Let z(v) = -2 + 2*v + v + 14 - 2*v. What is z(j)?
5
Let q be (226 + (-3 - 5))*2/4. Let t = 102 - q. Let o(k) = k**3 + 7*k**2 + 2*k + 8. Give o(t).
-6
Let f(t) = -2*t**3 + 4*t**2 - 5*t + 4. Let a be (64/56)/(4/14). Suppose o + 13 = 3*y, -5*o - 10 = 2*y + a. Give f(y).
-29
Let i(t) be the first derivative of t**3/3 + t**2 + 21*t - 4536. Determine i(6).
69
Let y(b) = -25*b**2 - 6*b + 24*b**2 - 10*b + 18*b - 9. Give y(4).
-17
Let j = -2205 - -2200. Let g(c) = -5*c**2 - 23*c + 3. Determine g(j).
-7
Let j(r) = -r. Let i(o) = 7*o**2 - o - 3. Let a(q) = -i(q) + 3*j(q). Let k = 17953 - 17951. What is a(k)?
-29
Let t(j) = -18*j + 34. Let x be 0/3 - (-24)/(2 + -5). Let d be t(x). Let i(k) = d*k**2 - 180*k**2 + 0 - 4*k + 1. Calculate i(-3).
-5
Let u(k) = 3635 + 2*k - 7264 + 3633. Suppose 4*m - 4*x + 28 - 4 = 0, x + 30 = -5*m. Give u(m).
-8
Let h(m) = 4*m**2 + 2. Suppose -4*i = 127 - 203. Suppose i*j + 9*j = 56. What is h(j)?
18
Let b(r) be the first derivative of -2*r**3/3 + 9*r**2/2 + 6*r + 2672. Calculate b(9).
-75
Let p(t) = -20*t - 355. Let x(f) = 61*f + 1080. Let c(g) = 17*p(g) + 6*x(g). Calculate c(-17).
3
Let j = 62 - 58. Let a be (-3 - (j + -10))/((-6)/(-8)). Let s be 132/34 - a/(-34). Let p(n) = -n**2 + 3*n - 1. Give p(s).
-5
Let q be -10 - ((-6)/(-7) + (-594)/(-189)). Let j(n) = 2*n - 3*n - 13 - 3. Give j(q).
-2
Suppose 0 = 5*t + 60*b - 63*b - 20, 4*b = -2*t - 18. Suppose -3*y - 1 = -7. Let f(u) = -11*u**2 + 11*u**y - 9*u**2. Calculate f(t).
-9
Let b(c) = -9 + 335478*c**3 - 335479*c**3 + 0. Calculate b(0).
-9
Let j be (-1)/(14/(-126) - 6/27). Suppose 0 = j*l - 0*z + 3*z, -2*l - 4*z - 6 = 0. Let m(t) = -t**2 + 3*t + 4. What is m(l)?
4
Let y(p) be the first derivative of 2*p**3/3 + 14*p**2 + 41*p - 8295. Calculate y(-14).
41
Let g(p) = 2*p**3 - 2*p**2 - p - 2. Let z = -99 + 99. Suppose z = -22*y + 9*y + 26. Calculate g(y).
4
Let i(m) = -m - 7. Let l = 6295 - 6286. Determine i(l).
-16
Let t(k) = 3*k**3 - 14*k**2 - 10*k + 1. Let s(g) = -16*g**3 + 70*g**2 + 46*g - 5. Let w(c) = 2*s(c) + 11*t(c). Calculate w(15).
-44
Let w(t) = -9*t**3 + t. Let o = -396 + 410. Let m be o/(-18) - 54/243. Determine w(m).
8
Let v(w) = -2*w**2 - 19*w - 22. Let h(a) = -a**3 + 6*a**2 - 200*a + 1191. Let b be h(6). What is v(b)?
-13
Let w(t) = -t**2 - 6*t + 13. Let l(b) = 57*b**2 - 12*b + 12. Let h be l(2). Suppose 0 = 37*s - 10*s + h. Determine w(s).
-3
Let x = -47489 + 47491. Let t(r) be the third derivative of -r**4/6 + 5*r**3/6 + r**2. Determine t(x).
-3
Let l(b) be the second derivative of -b**5/20 + 7*b**4/12 + 5*b**3/6 + 4*b**2 - 13616*b + 1. Suppose -11 = -2*u + 5*w + 3, 4*u - 28 = 2*w. Determine l(u).
43
Let c(q) = -q**3 + 5*q**2 + 3*q - 7. Suppose 1 = 4*a - 27. Suppose -3*t + a*t + s = 83, t - 4*s - 8 = 0. Suppose p = 5*p - t. Give c(p).
8
Suppose -5*y + 3*j + 76 = 0, y + 3085 - 3097 = j. Let k(z) = -19*z + 380. Determine k(y).
0
Suppose 0 = -0*s - s + 13. Let z(t) = -15*t**3 + 111*t**2 - 56*t + 50. Let m(a) = -11*a**3 + 82*a**2 - 42*a + 37. Let q(x) = -11*m(x) + 8*z(x). Calculate q(s).
6
Let t(j) = -2*j - 13. Let v = -3515 + 3509. Calculate t(v).
-1
Let v(g) = 22*g**2 - 6*g - 4. Let l be v(0). Let j(p) = -p**2 - 7*p - 10. Give j(l).
2
Let g = -210 + 76. Let f = g + 136. Let d(x) = x**2 + 2. Determine d(f).
6
Let x(v) be the second derivative of -v**6/720 - v**5/120 - v**4/12 + v**3/2 + 9*v. Let r(w) be the third derivative of x(w). Determine r(4).
-5
Let r(t) be the first derivative of -t**3/3 + 15*t**2/2 - 26*t + 149. Determine r(8).
30
Suppose -3 = -0*v - 3*v. Suppose v = -g - 0. Let j(x) = 277*x - 5. Let f(t) = -2212*t + 39. Let n(u) = f(u) + 8*j(u). What is n(g)?
-5
Let i be ((-520)/6240)/(1/(-24)). Let b(s) = 7*s**3 + 4*s - 4. What is b(i)?
60
Let i(c) = -10*c - 7. Let w(t) = -8*t - 7. Let r(z) = 3*i(z) - 4*w(z). Let q(m) = 5*m + 20. Let f(d) = -3*q(d) + 8*r(d). What is f(4)?
0
Let v(p) be the second derivative of -p**6/120 - p**5/20 - p**4/12 - p**3/2 + 22*p**2 + 61*p. Let a(x) be the first derivative of v(x). Calculate a(-4).
21
Let d(f) be the first derivative of -f**4/4 + f**2/2 + 5*f + 252. Calculate d(2).
-1
Let q(y) = 61*y - 39. Let k(v) = -113*v + 71. Let w(h) = 6*k(h) + 11*q(h). Let g be 2 - ((-9)/3 - -10). Let i = -7 - g. What i